f 182167.
182167
What are the prime factors of 2995658?
2, 23, 65123
List the prime factors of 2877049.
7, 411007
List the prime factors of 22831281.
3, 11, 76873
What are the prime factors of 1322207?
43, 97, 317
List the prime factors of 20910783.
3, 673, 10357
List the prime factors of 315210.
2, 3, 5, 7, 19, 79
What are the prime factors of 271459?
43, 59, 107
List the prime factors of 224533.
31, 7243
What are the prime factors of 14732429?
19, 67, 71, 163
List the prime factors of 465174.
2, 3, 43, 601
List the prime factors of 1360124.
2, 340031
List the prime factors of 322116.
2, 3, 17, 1579
List the prime factors of 543344.
2, 29, 1171
List the prime factors of 789059.
67, 11777
What are the prime factors of 177177?
3, 7, 11, 13, 59
What are the prime factors of 13296826?
2, 6648413
What are the prime factors of 81222?
2, 3, 13537
List the prime factors of 266870.
2, 5, 26687
List the prime factors of 4336218.
2, 3, 19, 31, 409
What are the prime factors of 4570830?
2, 3, 5, 11, 19
What are the prime factors of 3782600?
2, 5, 18913
List the prime factors of 2865568.
2, 149, 601
List the prime factors of 8655666.
2, 3, 1442611
List the prime factors of 1006775.
5, 7, 11, 523
List the prime factors of 2990279.
2990279
What are the prime factors of 342202?
2, 7, 24443
What are the prime factors of 306917?
13, 23609
What are the prime factors of 410370?
2, 3, 5, 13679
What are the prime factors of 36719?
73, 503
What are the prime factors of 18656100?
2, 3, 5, 19, 1091
What are the prime factors of 4551731?
109, 41759
List the prime factors of 19407902.
2, 29, 334619
What are the prime factors of 321075?
3, 5, 1427
What are the prime factors of 643065?
3, 5, 43, 997
List the prime factors of 22142397.
3, 7380799
What are the prime factors of 926017?
926017
List the prime factors of 679136.
2, 19, 1117
What are the prime factors of 169293?
3, 56431
What are the prime factors of 1334777?
103, 12959
List the prime factors of 280247.
11, 73, 349
List the prime factors of 1874103.
3, 7, 11, 19, 61
What are the prime factors of 3421750?
2, 5, 13687
List the prime factors of 3120280.
2, 5, 78007
What are the prime factors of 569223?
3, 63247
What are the prime factors of 385745?
5, 179, 431
List the prime factors of 251355.
3, 5, 13, 1289
What are the prime factors of 383015?
5, 76603
List the prime factors of 46415.
5, 9283
What are the prime factors of 39776702?
2, 7, 17, 37, 4517
What are the prime factors of 1576846?
2, 29, 31, 877
What are the prime factors of 411059?
11, 37369
List the prime factors of 1330457.
353, 3769
List the prime factors of 720444.
2, 3, 60037
List the prime factors of 4726390.
2, 5, 472639
List the prime factors of 1212527.
37, 32771
List the prime factors of 8995634.
2, 4497817
What are the prime factors of 90041?
7, 19, 677
List the prime factors of 146209.
7, 20887
List the prime factors of 129534.
2, 3, 21589
What are the prime factors of 348117?
3, 7, 11, 137
List the prime factors of 5038361.
313, 16097
What are the prime factors of 867540?
2, 3, 5, 19, 761
List the prime factors of 917491.
19, 43, 1123
List the prime factors of 206198.
2, 103099
What are the prime factors of 20534644?
2, 13, 394897
List the prime factors of 151437.
3, 11, 13, 353
What are the prime factors of 536786?
2, 311, 863
What are the prime factors of 818994?
2, 3, 11, 12409
What are the prime factors of 124528?
2, 43, 181
List the prime factors of 1054288.
2, 131, 503
What are the prime factors of 64732?
2, 16183
What are the prime factors of 237512?
2, 11, 2699
What are the prime factors of 3683138?
2, 79, 23311
List the prime factors of 2474001.
3, 274889
List the prime factors of 860988.
2, 3, 157, 457
List the prime factors of 10039324.
2, 2509831
List the prime factors of 54962.
2, 27481
List the prime factors of 7994615.
5, 1598923
What are the prime factors of 127635?
3, 5, 67, 127
List the prime factors of 458850.
2, 3, 5, 7, 19, 23
List the prime factors of 680736.
2, 3, 7, 1013
List the prime factors of 371335.
5, 23, 3229
What are the prime factors of 602053?
19, 31687
What are the prime factors of 2703497?
2703497
List the prime factors of 1485057.
3, 7, 70717
List the prime factors of 3064255.
5, 139, 4409
What are the prime factors of 4189884?
2, 3, 101, 3457
What are the prime factors of 9081817?
9081817
List the prime factors of 2982780.
2, 3, 5, 73, 227
List the prime factors of 2814438.
2, 3, 11, 42643
List the prime factors of 16087212.
2, 3, 23, 19429
What are the prime factors of 1552762?
2, 59, 13159
List the prime factors of 1168547.
67, 107, 163
What are the prime factors of 4868758?
2, 359, 6781
List the prime factors of 15478582.
2, 7, 1105613
What are the prime factors of 9679704?
2, 3, 151, 2671
What are the prime factors of 19661092?
2, 11, 53, 8431
What are the prime factors of 61570?
2, 5, 47, 131
What are the prime factors of 3771512?
2, 471439
List the prime factors of 1275937.
13, 61, 1609
What are the prime factors of 62575?
5, 2503
List the prime factors of 2058947.
11, 187177
What are the prime factors of 216842?
2, 108421
What are the prime factors of 1841989?
31, 59419
What are the prime factors of 244079?
11, 22189
What are the prime factors of 753073?
379, 1987
What are the prime factors of 595931?
7, 85133
What are the prime factors of 2095356?
2, 3, 174613
What are the prime factors of 3460691?
13, 509, 523
What are the prime factors of 569893?
569893
What are the prime factors of 403902?
2, 3, 19, 1181
What are the prime factors of 2154952?
2, 97, 2777
List the prime factors of 2989140.
2, 3, 5, 7, 11, 647
What are the prime factors of 20913?
3, 6971
What are the prime factors of 561350?
2, 5, 103, 109
List the prime factors of 2721128.
2, 29, 37, 317
List the prime factors of 8510996.
2, 13, 163673
List the prime factors of 61485.
3, 5, 4099
What are the prime factors of 6540666?
2, 3, 11, 113, 877
List the prime factors of 21786707.
17, 31, 41341
List the prime factors of 2598083.
359, 7237
List the prime factors of 3127066.
2, 1563533
What are the prime factors of 1807364?
2, 13, 34757
List the prime factors of 1413770.
2, 5, 37, 3821
List the prime factors of 373464.
2, 3, 7, 13, 19
What are the prime factors of 255399?
3, 85133
List the prime factors of 593276.
2, 71, 2089
List the prime factors of 724292.
2, 43, 4211
List the prime factors of 431996.
2, 107999
What are the prime factors of 952279?
952279
List the prime factors of 562690.
2, 5, 56269
What are the prime factors of 4893592?
2, 11, 55609
What are the prime factors of 1741251?
3, 580417
What are the prime factors of 3023821?
3023821
List the prime factors of 2831289.
3, 943763
List the prime factors of 6898396.
2, 17, 229, 443
What are the prime factors of 5032807?
13, 47, 8237
List the prime factors of 52259.
52259
What are the prime factors of 43934?
2, 11, 1997
What are the prime factors of 655722?
2, 3, 12143
What are the prime factors of 3764829?
3, 73, 17191
What are the prime factors of 104019?
3, 34673
What are the prime factors of 288087?
3, 109, 881
List the prime factors of 1075222.
2, 537611
List the prime factors of 13012154.
2, 61, 106657
List the prime factors of 1025316.
2, 3, 19, 1499
List the prime factors of 21879991.
7, 43, 157, 463
List the prime factors of 23532524.
2, 41, 43, 47, 71
List the prime factors of 202177.
181, 1117
What are the prime factors of 3096237?
3, 23, 1951
What are the prime factors of 15726910?
2, 5, 67, 23473
List the prime factors of 158618.
2, 79309
List the prime factors of 630420.
2, 3, 5, 7, 19, 79
What are the prime factors of 346055?
5, 67, 1033
List the prime factors of 305628.
2, 3, 25469
List the prime factors of 21701003.
21701003
What are the prime factors of 73268?
2, 13, 1409
What are the prime factors of 196822?
2, 98411
What are the prime factors of 106012?
2, 17, 1559
List the prime factors of 352026.
2, 3, 41, 53
List the prime factors of 2038303.
1321, 1543
List the prime factors of 1764908.
2, 433, 1019
What are the prime factors of 101266?
2, 11, 4603
List the prime factors of 2682784.
2, 13, 6449
List the prime factors of 461381.
461381
List the prime factors of 3116640.
2, 3, 5, 43, 151
What are the prime factors of 309625?
5, 2477
List the prime fact